s of 34268.
2, 13, 659
What are the prime factors of 27290754?
2, 3, 1516153
List the prime factors of 76295.
5, 15259
What are the prime factors of 224992?
2, 79, 89
List the prime factors of 129010.
2, 5, 7, 19, 97
List the prime factors of 8916750.
2, 3, 5, 1321
List the prime factors of 1732146.
2, 3, 13, 53, 419
What are the prime factors of 2073736?
2, 7, 19, 1949
What are the prime factors of 156914?
2, 67, 1171
What are the prime factors of 892385?
5, 13, 13729
What are the prime factors of 2176445?
5, 43, 53, 191
What are the prime factors of 862100?
2, 5, 37, 233
What are the prime factors of 7305586?
2, 47, 77719
What are the prime factors of 19796293?
11, 577, 3119
List the prime factors of 1525786.
2, 762893
What are the prime factors of 11552699?
11552699
What are the prime factors of 1561268?
2, 19, 20543
List the prime factors of 224683.
224683
List the prime factors of 133190.
2, 5, 19, 701
List the prime factors of 16259891.
43, 378137
What are the prime factors of 3571664?
2, 223229
What are the prime factors of 2042475?
3, 5, 113, 241
List the prime factors of 21980868.
2, 3, 7, 13, 20129
List the prime factors of 7668952.
2, 89, 10771
List the prime factors of 176741.
176741
List the prime factors of 1255806.
2, 3, 69767
List the prime factors of 2400383.
17, 141199
List the prime factors of 381015.
3, 5, 8467
What are the prime factors of 11586351?
3, 7, 551731
List the prime factors of 3023956.
2, 13, 58153
What are the prime factors of 106058?
2, 19, 2791
What are the prime factors of 158386?
2, 79193
What are the prime factors of 105071?
105071
What are the prime factors of 898830?
2, 3, 5, 3329
List the prime factors of 13256278.
2, 7, 946877
List the prime factors of 4475329.
4475329
List the prime factors of 7854011.
11, 19, 37579
What are the prime factors of 8309911?
71, 117041
What are the prime factors of 133814?
2, 23, 2909
What are the prime factors of 87220?
2, 5, 7, 89
What are the prime factors of 59787?
3, 7, 13, 73
What are the prime factors of 2298902?
2, 773, 1487
What are the prime factors of 364610?
2, 5, 19, 101
List the prime factors of 1531328.
2, 71, 337
What are the prime factors of 478453?
478453
List the prime factors of 6500103.
3, 17, 127453
What are the prime factors of 275123?
29, 53, 179
List the prime factors of 1252274.
2, 103, 6079
What are the prime factors of 3765236?
2, 941309
What are the prime factors of 300059?
61, 4919
List the prime factors of 697939.
11, 67, 947
What are the prime factors of 3667772?
2, 193, 4751
What are the prime factors of 132515?
5, 17, 1559
List the prime factors of 342831.
3, 114277
What are the prime factors of 8589699?
3, 318137
List the prime factors of 28021562.
2, 103, 136027
What are the prime factors of 3167645?
5, 13, 48733
What are the prime factors of 4392788?
2, 37, 67, 443
What are the prime factors of 959507?
67, 14321
List the prime factors of 398411.
13, 19, 1613
List the prime factors of 158736.
2, 3, 3307
What are the prime factors of 23116472?
2, 23, 73, 1721
List the prime factors of 408200.
2, 5, 13, 157
List the prime factors of 948419.
223, 4253
List the prime factors of 9232789.
337, 27397
What are the prime factors of 155114?
2, 77557
List the prime factors of 15328489.
11, 367, 3797
List the prime factors of 468732.
2, 3, 11, 53, 67
What are the prime factors of 80153?
80153
What are the prime factors of 4787231?
4787231
List the prime factors of 868796.
2, 217199
What are the prime factors of 193003?
193003
List the prime factors of 828239.
828239
What are the prime factors of 113294?
2, 37, 1531
What are the prime factors of 2383931?
11, 31, 6991
What are the prime factors of 3013554?
2, 3, 502259
What are the prime factors of 718780?
2, 5, 83, 433
What are the prime factors of 7155819?
3, 11, 6571
List the prime factors of 4700980.
2, 5, 19, 89, 139
List the prime factors of 4489280.
2, 5, 14029
What are the prime factors of 786110?
2, 5, 13, 6047
What are the prime factors of 202984?
2, 25373
What are the prime factors of 2243?
2243
List the prime factors of 168624.
2, 3, 1171
What are the prime factors of 391931?
337, 1163
List the prime factors of 4188860.
2, 5, 13, 16111
List the prime factors of 357837.
3, 181, 659
What are the prime factors of 1111832?
2, 47, 2957
List the prime factors of 872818.
2, 233, 1873
List the prime factors of 744891.
3, 7, 79, 449
What are the prime factors of 250010?
2, 5, 23, 1087
What are the prime factors of 5515364?
2, 1378841
What are the prime factors of 732729?
3, 244243
List the prime factors of 4989712.
2, 7, 13, 23, 149
List the prime factors of 1138030.
2, 5, 317, 359
List the prime factors of 213822.
2, 3, 7, 1697
What are the prime factors of 313944?
2, 3, 103, 127
List the prime factors of 8189501.
8189501
What are the prime factors of 11431725?
3, 5, 152423
What are the prime factors of 3960322?
2, 19, 89, 1171
What are the prime factors of 1938718?
2, 969359
List the prime factors of 254940.
2, 3, 5, 7, 607
List the prime factors of 447799.
11, 40709
What are the prime factors of 2365756?
2, 127, 4657
What are the prime factors of 9777778?
2, 4888889
What are the prime factors of 2265034?
2, 181, 6257
What are the prime factors of 2261221?
17, 133013
List the prime factors of 1849712.
2, 193, 599
What are the prime factors of 1891221?
3, 23, 27409
List the prime factors of 911138.
2, 103, 4423
List the prime factors of 19822996.
2, 79, 62731
List the prime factors of 81244.
2, 19, 1069
What are the prime factors of 282733?
11, 25703
List the prime factors of 1147777.
37, 67, 463
List the prime factors of 157925.
5, 6317
List the prime factors of 1765842.
2, 3, 13, 22639
List the prime factors of 182265.
3, 5, 29, 419
What are the prime factors of 659605?
5, 29, 4549
List the prime factors of 15031479.
3, 5010493
What are the prime factors of 212271?
3, 173, 409
List the prime factors of 14535935.
5, 17, 41, 43, 97
What are the prime factors of 2749847?
2749847
What are the prime factors of 2489515?
5, 7, 71129
List the prime factors of 24494534.
2, 19, 644593
List the prime factors of 26858321.
7, 29, 41, 461
List the prime factors of 568684.
2, 17, 8363
List the prime factors of 8729708.
2, 13, 167879
List the prime factors of 87585.
3, 5, 5839
What are the prime factors of 10798028?
2, 2699507
List the prime factors of 2851.
2851
What are the prime factors of 4183972?
2, 13, 17, 4733
What are the prime factors of 14667001?
14667001
List the prime factors of 152119.
11, 13829
What are the prime factors of 9677505?
3, 5, 17, 37951
What are the prime factors of 403707?
3, 37, 3637
What are the prime factors of 4211462?
2, 2105731
What are the prime factors of 3066036?
2, 3, 255503
What are the prime factors of 95560?
2, 5, 2389
What are the prime factors of 2357323?
29, 2803
What are the prime factors of 1096369?
47, 23327
List the prime factors of 3887885.
5, 29, 26813
List the prime factors of 5879436.
2, 3, 19, 107, 241
What are the prime factors of 5153036?
2, 7, 61, 431
What are the prime factors of 475998?
2, 3, 79333
List the prime factors of 9785674.
2, 4892837
What are the prime factors of 1531414?
2, 765707
What are the prime factors of 670911?
3, 223637
List the prime factors of 3912547.
3912547
What are the prime factors of 1311608?
2, 19, 8629
What are the prime factors of 2834722?
2, 11, 269, 479
What are the prime factors of 20656387?
20656387
What are the prime factors of 1035749?
11, 13, 7243
What are the prime factors of 143583?
3, 11, 19, 229
What are the prime factors of 18081906?
2, 3, 29, 103919
List the prime factors of 3642293.
659, 5527
What are the prime factors of 284051?
284051
What are the prime factors of 164190?
2, 3, 5, 13, 421
What are the prime factors of 165993?
3, 55331
What are the prime factors of 487466?
2, 7, 34819
What are the prime factors of 1832862?
2, 3, 305477
What are the prime factors of 15412297?
101, 152597
What are the prime factors of 270393?
3, 193, 467
List the prime factors of 1655396.
2, 413849
What are the prime factors of 179297?
193, 929
What are the prime factors of 498082?
2, 13, 19157
What are the prime factors of 758246?
2, 379123
List the prime factors of 215372.
2, 23, 2341
What are the prime factors of 45835?
